3 - (-2 + 6 + 8 - 20)?
11
Calculate 13 - (-5 - -4) - (10 + -4).
8
What is -11 - 6 - -10 - (-1 + (2 - 5))?
-3
What is the value of -3 + (16 - (11 - 4))?
6
Calculate (4 - 30) + 46 + 12.
32
Calculate 15 + -2 + (-17 + -9 + 11 - -6).
4
Evaluate -24 - (22 - 15 - 18).
-13
Evaluate 8 - 0 - (-2 - 0 - (-5 + 4)).
9
What is the value of -3 - -1 - (23 - 15)?
-10
-8 + 46 + -16 + -35
-13
What is the value of (102 - 115) + 8 + 1?
-4
What is the value of 6 - 10 - (3 + -2 + -1)?
-4
What is the value of 0 - ((19 - 21) + -1)?
3
Evaluate (-2 - (2 + 0)) + -4 + (10 - 7).
-5
(2 - 11) + (-191 - -199)
-1
-8 + (-3 - 4 - (-5 + -1)) + 3
-6
What is the value of -16 + 0 - (-261 + 260)?
-15
What is -11 + 18 + (2 + -12 - -3 - 17)?
-17
What is the value of 21 + (10 - 15) + -14?
2
Evaluate -11 + (-55 + 61 - (9 + -1)).
-13
What is the value of 12 + 14 + -35 + -5 + 3?
-11
(-28 - -15 - -14) + 0
1
Calculate -51 + 30 - (-10 + -11).
0
Calculate (18 - (2 - (0 - 0))) + 151 + -156.
11
What is the value of 4 + (-9 - (-36 - -23) - (0 + 23))?
-15
Calculate 9 + 0 - (-10 - (8 + -15)).
12
-13 + -8 + (1 - 3) + 2 + 20
-1
What is the value of -4 - -1 - (-106 - -104)?
-1
Evaluate -4 + (56 + -70 - (-11 + -1)).
-6
What is 14 + -7 + 12 + -33 - -15?
1
Evaluate (28 - (32 - 15)) + 3.
14
Evaluate 316 + -276 - (-1 + 29).
12
Calculate 34 - 5 - ((3 - 4 - 5) + 11).
24
-7 + -5 + 10 + 6 + -1 + 7
10
(-8 - (-23 + -5)) + -6 + -5
9
(17 - -4) + -8 + -15
-2
Calculate -12 + 14 + -10 + 8.
0
Evaluate -4 + 5 + -4 + 11 - (-13 - -25).
-4
What is (17 + -18 + -4 - -9) + (-7 - 0)?
-3
Calculate -1 - (0 - -5 - (-81 + 73)).
-14
Calculate 27 + (-34 - -14 - -6).
13
What is the value of 3 + (6 - (9 - (21 - 11)))?
10
-1 + -1 - 0 - 8 - (-6 + 3)
-7
What is (-5 - -1) + -158 + 157 - (-1 + 5)?
-9
Calculate -7 - (3 - (-4 - -18)).
4
What is the value of -8 - (-26 + 4) - (9 - 6)?
11
What is the value of 16 + (-32 - (1 - (-16 - -6)))?
-27
Calculate -75 - (-137 - -53) - (13 - 1).
-3
Evaluate -13 + 5 + 13 + (7 - 16).
-4
Evaluate (-22 + 14 - -13) + 1 + -18.
-12
Calculate -12 + -1 + 21 + 3 + 2.
13
What is ((-1 - -6) + -3 - (28 + 1)) + -2?
-29
Evaluate 1 + 1 + (-74 + 75 - (4 - 1)).
0
Calculate 11 + -6 + -7 + (-8 - (0 - -1)).
-11
Calculate 4 + -25 + 30 + -23 + 1.
-13
Calculate 79 - 72 - (1 + 0).
6
What is the value of (2 - 20) + 38 + -12?
8
35 + -21 + -16 + -6 + 8
0
What is the value of -44 + 22 - (-52 + -5)?
35
What is (14 + 0 - (8 + (-4 - -1))) + -6?
3
What is (3 - (-5 - -9)) + (-6 - (1 - -2))?
-10
What is (-32 + 26 - 3) + (0 - -4)?
-5
Calculate -6 + 25 + -1 + (-14 - -29).
33
What is 12 - (-1 - (-4 + -7))?
2
What is the value of 8 + -17 + 39 - (7 - 12) - 6?
29
What is (-138 - -141) + (2 + 0 - -2)?
7
What is -2 + (23 - 1 - (-8 - -19))?
9
Calculate -4 - 0 - (-6 - (21 + -35)).
-12
What is (37 - 42) + (20 - (5 + 0))?
10
What is 7 - 1 - (-37 + 35 - 6)?
14
(-15 - (-16 - 11 - -6)) + -7
-1
38 - (-26 + (-10 - -61))
13
What is -4 + -1 + 7 - -19?
21
What is the value of -15 - (-11 + 10 - 5) - -15?
6
What is (-39 + 25 - (2 + -10)) + 1?
-5
What is the value of -1 - 0 - 1 - (80 + -91)?
9
What is the value of 1 + -5 + 18 + 1 - (-11 - -16)?
10
Evaluate 4 + (-17 - -42 - 16) + -17.
-4
Evaluate 30 - (10 + (-7 - (8 + -21) - 7)).
21
(1 - 21) + -178 + 193
-5
(0 - (-10 + 6)) + 3 + (-6 - -2)
3
Evaluate 0 - (3 + -1) - (-7 + 24 + -5).
-14
Evaluate -16 - ((13 - -8) + -44).
7
What is the value of (-1 + 0 - (-1 + 6)) + (-70 - -88)?
12
What is the value of 2 + (19 - 5) + 1 + (-1 - -3)?
19
Evaluate 0 + 2 + -6 + 0.
-4
Evaluate -32 + 57 + 7 + -50.
-18
Calculate 12 + (-16 - -14) + 2.
12
Evaluate 2 - (9 - 2 - 10) - 15.
-10
What is (3 - 32) + 11 + 17?
-1
Calculate 8 + (-4 - 11) - (-3 - 6).
2
Calculate -14 + 20 + 2 + -18 + 1 + 9.
0
Calculate -36 - 4 - (21 + -41) - (1 - -2).
-23
Calculate (0 - -3) + 9 + (2 + -3 - 4).
7
What is 3 + 7 + -17 - -17 - 27?
-17
Evaluate (-2 - -10) + (-8 - -4) + (7 - 1).
10
Calculate (1 - 2) + (13 - (-1 - (-2 + 6))).
17
Evaluate (1 - -7) + (-68 - -100 - 23).
17
What is 1 + -7 + -3 + (12 - (-12 + 18))?
-3
-54 + 65 - (35 + -6 - -7)
-25
Calculate 0 - (0 - -15) - (-162 - -155).
-8
-4 + 4 + -6 + 9
3
Calculate -2 - 14 - (-6 + 10 - (1 - -1)).
-18
Calculate 5 + 27 + (-241 - -245).
36
What is the value of -2 + -4 - (-10 - -6 - -7)?
-9
Calculate 16 + -8 + -6 + -11.
-9
What is the value of 8 + -9 + -3 + (-8 - -11)?
-1
Calculate -2 - (-7 - -5) - (2 - (0 - -4)).
2
Calculate 28 + -11 + 30 + -27.
20
(-10 + (-12 - -16) - -6) + (-18 - 1)
-19
What is the value of -28 + 12 + 5 - 5 - (-9 - 2)?
-5
Evaluate 7 + -13 - (7 - 20).
7
What is 2 + -2 + (-29 - -31) - (2 - -4)?
-4
What is the value of (1 - -11) + -397 + 400?
15
Calculate 4 - (3 - 1) - (13 + (-14 - 26)).
29
What is the value of 8 + 8 + (-5 - 9) - (13 + 4)?
-15
14 + -4 + (-2 - -7 - (-5 + 5))
15
What is 37 - ((34 + 16 - 16) + -19)?
22
Calculate (8 - (-12 - -9)) + -6 + (-2 - 27).
-24
What is -34 + 60 - (-1 - -16)?
11
What is -121 + 88 - (-2 + 1 - (-19 - -15))?
-36
(12 - (0 + 11)) + 2 + -11
-8
What is -7 + (0 - -14) - 10?
-3
What is the value of 15 + (-1 + 1 - 2 - (4 - 1))?
10
What is the value of 1 + (-5 - -2) + 218 + -226?
-10
Calculate 1 + 21 + (5 - (23 - 9)).
13
What is the value of (-177 - -183) + 1 + (-4 - -2)?
5
4 + 22 + 9 + -24 - 18
-7
What is -6 + 10 + (5 - 21) - -1?
-11
-4 + (-9 - (-10 - -3 - 19)) + 0
13
What is the value of 3 + 4 - ((-9 - -12) + 18)?
-14
Evaluate -1 + -4 - -1 - (5 + 2).
-11
What is 21 - (-16 + (52 - 3))?
-12
-9 - (-11 - 4 - 7)
13
What is the value of -4 - (-72 - -21 - -18)?
29
What is the value of -7 + (1 - (-1 + 7))?
-12
Evaluate -1 + -6 + 14 + -3 + 2.
6
Calculate -59 + 69 + (-15 - -2).
-3
(5 - 7 - -6) + -5 - 3
-4
Calculate (4 - 6 - -11) + 5.
14
Evaluate -5 - ((-11 - -13) + -2 + (-1 - -5)).
-9
7 + 0 + (-18 - -16) + -2
3
Calculate (95 - 108) + (1 - -2).
-10
-4 - 1 - 1 - (5 - (-19 + 28))
-2
Evaluate 35 + 4 + (1 - 2) + (-495 - -483).
26
Evaluate -11 - ((-14 - -6) + 15 - 17).
-1
What is the value of (-4 + 5 - -3) + 6 + -10?
0
5 + (3 - -7) - 9
6
Evaluate -13 + -13 + 16 + (2 - -28).
20
What is the value of 1 + -12 - (16 - (24 + -10))?
-13
0 + -57 - (-152 - -110)
-15
What is 8 - (5 + -7 + 10 + -3)?
3
Calculate -15 + -7 - (-24 - -36).
-34
Calculate 1 + 1 + 38 + -15 + -30.
-5
Evaluate -15 - (-18 + 4 + 14).
-15
Evaluate (3 - (2 - -2 - -1) - -5) + -1.
2
-1 + (-5 - -23) + -1
16
What is -6 - ((-1 - -12 - (-3 - -8)) + -5)?
-7
Evaluate (2 - 0) + 9 - (9 + -9) - 2.
9
What is the value of (-1 + -2 - (-140 + 143)) + 32?
26
What is 21 - (3 + 5 + -9 - -12)?
10
-6 + (3 - 1) + -6 + (-55 - -56)
-9
What is -1 + 22 - (-128 + 147)?
2
What is the value of -19 + -1 + 1 + 18?
-1
Calculate -8 + (-15 + 16 - -14 - 12).
-5
What is the value of (13 - 3 - 25) + (-6 - (-8 - 2))?
-11
What is (466 - 509) + 43 + -1?
-1
What is (-5 - 13) + (28 - 18)?
-8
What is the value of -12 + 17 + 5 + -4?
6
(42 - 33) + -8 + 4
5
Evaluate 9 - ((0 - -2) + (-12 - (1 + -18))).
2
What is 3 - (19 - -1) - (76 - 87)?
-6
What is the value of -3 + 0 + -3 - (-436 + 410)?
20
What is 51 - (-16 + 20 + -19 + 29)?
37
What is the value of (0 - -11) + (380 + -406 - (-9 - -1))?
-7
What is (-24 + 1 - 0) + (530 - 518)?
-11
What is -58 + 35 - (1 - 6)?
-18
Evaluate (2 - 0) + (165 + -131 - (3 - 0)).
33
What is 16 + -3 + -1 + -7?
5
-5 - (3 - ((8 - -19) + -1 + 1))
19
Evaluate -14 + 2 + -9 + 1.
-20
-44 + (6 + 22 - -16)
0
What is the value of 27 + -2 - (43 - (-59 + 93))?
16
-8 - (-5 + (7 - (-6 + 1 + 6)))
-9
What is -11 + -69 + 40 + 40?
0
What is the value of 24 + -23 - (1 + 4) - -14?
10
Evaluate -3 + 14 + 30 + 17 + -28.
30
-45 - (-20 + 3 - 1)
-27
(-18 - (13 + -15) - 17) + 3
-30
What is the value of 3 - (4 - 5 - -4)?
0
What is the value of (-185 - -188) + (-10 - 0)?
-7
What is the value of 15 + (4 + 1 - (-4 + 15 + -1))?
10
Calculate 6 - 2 - ((9 - 9 - 4) + 9).
-1
What is the value of -18 - (36 + -2) - -33?
-19
Calculate (3 - -5) + -1 - (-160 - -178).
-11
What is -20 - (-13 - -21 - (-16 - -12))?
-32
Calculate -5 - 3 - (-7 - 7 - -11).
-5
Evaluate -4 + (-23 - -5) + (7 - (1 + 1)).
-17
Evaluate 6 - (9 - (-2 + (7 - 6) + 6)).
2
Evaluate -12 - (10 + (-60 + -6 - -16)).
28
What is the value of -7 + -9 - ((4 - 1) + -9)?
-10
Calculate 1 + 4 + -27 + 12.
-10
Calculate 9 - 4 - (-10 + 19 + 1).
-5
What is 2 + (5 - 1) - (-159 + 169) - -37?
33
What is the value of (1 + 0 - (7 - -2)) + (-34 - 